True
Is 4103774 a multiple of 334?
False
Is 166689 a multiple of 9?
True
Does 107 divide 148730?
True
Is 64347 a multiple of 10?
False
Does 177 divide 3147768?
True
Is 8750511 a multiple of 671?
True
Is 818 a factor of 9582121?
False
Does 127 divide 3024886?
True
Is 3359554 a multiple of 869?
True
Does 434 divide 65534?
True
Does 25 divide 266375?
True
Is 10738 a multiple of 14?
True
Does 106 divide 3898901?
False
Is 13891 a multiple of 111?
False
Is 2105251 a multiple of 2?
False
Does 845 divide 383630?
True
Does 24 divide 39601?
False
Is 790978 a multiple of 375?
False
Is 6 a factor of 111415?
False
Does 466 divide 2003800?
True
Does 3 divide 11355?
True
Is 6331638 a multiple of 534?
True
Is 169 a factor of 2094586?
True
Is 60 a factor of 331970?
False
Does 187 divide 4975135?
True
Is 12 a factor of 159502?
False
Does 48 divide 318099?
False
Is 42 a factor of 13264524?
True
Is 231 a factor of 73158?
False
Is 32 a factor of 301984?
True
Is 1460458 a multiple of 26?
False
Is 25 a factor of 1090616?
False
Is 39 a factor of 3096561?
True
Is 172 a factor of 1558148?
True
Is 39312 a multiple of 27?
True
Is 11274560 a multiple of 64?
True
Is 61643 a multiple of 246?
False
Does 131 divide 9170?
True
Does 87 divide 430259?
False
Does 8 divide 400160?
True
Is 728809 a multiple of 10?
False
Does 8 divide 42741?
False
Is 68 a factor of 3017432?
True
Is 1539417 a multiple of 13?
False
Does 629 divide 374255?
True
Does 24 divide 570816?
True
Is 60 a factor of 5321?
False
Is 27 a factor of 2449688?
False
Is 4 a factor of 48276?
True
Does 414 divide 205770?
False
Does 276 divide 1650756?
True
Is 47 a factor of 10159896?
True
Is 291 a factor of 586365?
True
Is 2778015 a multiple of 885?
True
Does 13 divide 217997?
True
Is 101 a factor of 18327864?
True
Does 8 divide 13952?
True
Does 56 divide 579732?
False
Does 22 divide 445456?
True
Is 166 a factor of 131750?
False
Is 1448 a factor of 2556234?
False
Is 154587 a multiple of 15?
False
Is 176 a factor of 22864559?
False
Is 10388190 a multiple of 17?
True
Is 2485415 a multiple of 19?
False
Is 806353 a multiple of 2?
False
Is 675510 a multiple of 22?
True
Is 46 a factor of 32200?
True
Does 32 divide 3433824?
True
Does 181 divide 11325008?
False
Is 34769 a multiple of 13?
False
Is 10 a factor of 4026711?
False
Is 102 a factor of 36006?
True
Is 86 a factor of 2577592?
True
Is 632 a factor of 1093264?
False
Does 2 divide 34586?
True
Does 291 divide 1348492?
False
Does 783 divide 6537267?
True
Is 208951 a multiple of 7?
False
Does 27 divide 112158?
True
Is 309050 a multiple of 5?
True
Does 402 divide 97747?
False
Does 513 divide 2611170?
True
Is 84114 a multiple of 11?
False
Is 127544 a multiple of 8?
True
Does 1022 divide 1272390?
True
Is 12 a factor of 1137687?
False
Is 17 a factor of 3229?
False
Does 255 divide 172635?
True
Is 2781850 a multiple of 50?
True
Is 15831 a multiple of 13?
False
Is 19330 a multiple of 197?
False
Does 46 divide 127100?
False
Is 2794986 a multiple of 272?
False
Is 8171 a multiple of 74?
False
Is 13203 a multiple of 65?
False
Is 13 a factor of 174317?
True
Is 12310233 a multiple of 111?
True
Is 2250669 a multiple of 25?
False
Does 135 divide 6256305?
True
Is 245 a factor of 644595?
True
Is 1755651 a multiple of 4?
False
Is 45 a factor of 358560?
True
Does 553 divide 933524?
False
Is 31 a factor of 15996?
True
Is 29809 a multiple of 4?
False
Is 56700 a multiple of 7?
True
Is 812211 a multiple of 9?
False
Is 19 a factor of 1174922?
True
Does 43 divide 2572589?
False
Is 2140034 a multiple of 12?
False
Does 90 divide 9090?
True
Is 94591 a multiple of 10?
False
Is 162 a factor of 1271490?
False
Is 9 a factor of 688370?
False
Does 26 divide 3231593?
False
Is 495 a factor of 6564476?
False
Does 27 divide 31260?
False
Is 2380 a multiple of 17?
True
Is 484 a factor of 2724436?
True
Is 169694 a multiple of 17?
True
Does 3 divide 9011?
False
Is 15 a factor of 23868?
False
Is 58 a factor of 5106983?
False
Is 885041 a multiple of 43?
False
Is 105 a factor of 213570?
True
Is 217509 a multiple of 26?
False
Is 482499 a multiple of 9?
True
Is 144267 a multiple of 138?
False
Is 71 a factor of 27051?
True
Does 24 divide 498864?
True
Is 1059320 a multiple of 710?
True
Is 4 a factor of 74704?
True
Is 10 a factor of 4167431?
False
Is 156 a factor of 167034?
False
Is 96 a factor of 329866?
False
Is 49 a factor of 85260?
True
Is 5 a factor of 127524?
False
Does 98 divide 1752490?
False
Is 170 a factor of 423334?
False
Does 61 divide 294020?
True
Does 100 divide 310900?
True
Is 5937558 a multiple of 674?
False
Is 66739 a multiple of 7?
False
Is 585155 a multiple of 20?
False
Is 557004 a multiple of 163?
False
Does 37 divide 27193187?
True
Is 3 a factor of 242099?
False
Is 800845 a multiple of 3?
False
Is 13 a factor of 235242?
False
Is 324 a factor of 7230384?
True
Is 130110 a multiple of 226?
False
Does 76 divide 668396?
False
Does 831 divide 226863?
True
Is 136 a factor of 1251020?
False
Is 10 a factor of 6266840?
True
Is 3660236 a multiple of 17?
True
Is 17309 a multiple of 17?
False
Does 370 divide 975146?
False
Is 202006 a multiple of 100?
False
Does 314 divide 247594?
False
Does 30 divide 2865000?
True
Is 10 a factor of 4087228?
False
Is 70288 even?
True
Is 51 a factor of 22333?
False
Does 262 divide 4011482?
True
Is 41 a factor of 259120?
True
Is 4550400 a multiple of 480?
True
Is 191 a factor of 2321737?
False
Is 47 a factor of 411948?
False
Is 19520 a multiple of 477?
False
Does 16 divide 20695904?
True
Does 25 divide 1380614?
False
Is 188175 a multiple of 965?
True
Is 214 a factor of 92876?
True
Does 8 divide 87267?
False
Is 17 a factor of 356303?
True
Does 41 divide 646253?
False
Is 110533 a multiple of 95?
False
Is 686 a factor of 2049768?
True
Does 34 divide 595004?
False
Does 102 divide 180234?
True
Is 3621211 a multiple of 44?
False
Is 32 a factor of 770001?
False
Is 6 a factor of 16857?
False
Does 5 divide 4142781?
False
Is 321 a factor of 219243?
True
Is 174 a factor of 52896?
True
Is 9 a factor of 1647584?
False
Is 22 a factor of 280365?
False
Does 16 divide 329756?
False
Does 242 divide 1532365?
False
Is 277676 a multiple of 422?
True
Is 30 a factor of 243409?
False
Is 374528 a multiple of 56?
True
Does 44 divide 636708?
False
Is 24 a factor of 21288?
True
Is 276549 a multiple of 38?
False
Is 716652 a multiple of 4?
True
Is 1013895 a multiple of 24?
False
Is 385371 a multiple of 302?
False
Does 20 divide 17038780?
True
Is 144591 a multiple of 85?
False
Is 1209760 a multiple of 40?
True
Is 167 a factor of 1113389?
True
Does 42 divide 11515?
False
Is 17433 a multiple of 39?
True
Is 77 a factor of 51051?
True
Is 1974848 a multiple of 16?
True
Does 186 divide 151165?
False
Does 8 divide 355432?
True
Is 15 a factor of 3745756?
False
Is 37 a factor of 19795?
True
Does 3 divide 187383?
True
Is 10 a factor of 237658?
False
Is 922508 a multiple of 60?
False
Does 19 divide 605470?
False
Is 1972715 a multiple of 79?
False
Is 64 a factor of 7915?
False
Is 889100 a multiple of 20?
True
Does 8 divide 496084?
False
Is 18231 a multiple of 116?
False
Is 65 a factor of 146380?
True
Does 1197 divide 79293?
False
Is 9847824 a multiple of 168?
True
Is 497822 a multiple of 9?
False
Does 42 divide 1078527?
False
Does 16 divide 750144?
True
Is 246344 a multiple of 166?
True
Is 40300 a multiple of 31?
True
Does 128 divide 207576?
False
Does 78 divide 957041?
False
Is 32513 a multiple of 13?
True
Does 16 divide 465125?
False
Is 350 a factor of 1135050?
True
Is 77 a factor of 23947?
True
Does 42 divide 3864272?
False
Is 4 a factor of 1624021?
False
Does 32 divide 417120?
True
Does 7 divide 37629?
False
Is 15 a factor of 1168155?
True
Is 1564 a multiple of 128?
False
Is 126 a factor of 1941282?
True
Does 768 divide 1385903?
False
Is 13 a factor of 244425?
False
Does 331 divide 10532089?
True
Is 979 a factor of 7659696?
True
Does 357 divide 6426?
True
Is 1002 a factor of 2690370?
True
Does 63 divide 2513826?
True
Is 18963 a multiple of 7?
True
Is 478 a factor of 182341?
False
Is 112 a factor of 3297343?
False
Is 5 a factor of 270536?
False
Is 180805 a multiple of 91?
False
Is 97824 a multiple of 24?
True
Does 190 divide 59850?
True
Is 33 a factor of 3686578?
False
Is 27 a factor of 192360?
False
Is 8 a factor of 97583